u(f) be the first derivative of -2*f**2 - 4. Determine u(2).
-8
Let l(u) be the third derivative of u**6/120 + u**5/12 + u**4/8 - 25*u**2. Let y = 9 + -13. Determine l(y).
4
Let v(z) = 2 - z + 2*z - 2 - 1. What is v(10)?
9
Suppose 4*i - i - 6 = 0. Let f(g) be the first derivative of 0*g**2 - g**3 + 0*g + 1/2*g**4 + 2. Give f(i).
4
Let u(k) be the second derivative of 1/20*k**5 + 1/4*k**4 - k - 1/2*k**2 + 0 + 1/3*k**3. Determine u(-2).
-1
Let p(o) = -o**3 - 6*o**2 - 3 - 16*o + 9*o - 2. Calculate p(-5).
5
Let r(n) = -n - 12. Let g be r(-10). Let u(y) be the second derivative of -y**5/20 - y**4/4 - y**3/3 - y**2/2 - 2*y. Give u(g).
-1
Let r(t) = t**3 - t + 8. Suppose 2*w = -h + 11, -5*h + 3*h + 14 = 2*w. Suppose w*x = -x. Give r(x).
8
Let y(g) be the third derivative of 0 + 0*g - 1/60*g**5 - 1/24*g**4 + 1/6*g**3 + 1/30*g**6 + 2*g**2. Suppose 0 = 5*v - 0*v - 5. What is y(v)?
3
Let j(x) = -x**3 + x - 1. Suppose -14*g = -12*g. What is j(g)?
-1
Let i(z) = -z**2 + 5*z + 6. Let n be i(5). Let j(m) = m**3 - 12*m**2 + 7*m - 6. Let l(t) = -t**2 + t. Let f(y) = n*l(y) - j(y). Determine f(6).
0
Let j(a) = 7*a**3 - 2*a**2 - 3*a. Let x(i) = -6*i**3 + i**2 + 2*i. Let d(v) = -5*j(v) - 6*x(v). Suppose 5*y = -5*f - 40, -2*f + 5*f = -15. Give d(y).
0
Let s(j) = -j + 11. Let h be s(6). Let f(m) = -2*m + 6. Let b(d) = -6*d + 18. Let p(o) = 6*b(o) - 17*f(o). Let c be p(h). Let u(y) = 2*y + 5. Calculate u(c).
-3
Let z(n) = n**2 + 5*n + 2. Let c be z(-3). Let y(o) = -6 + o**2 + 2*o**3 - 2*o + 5*o**2 - o**3 - 2*o**2. Calculate y(c).
2
Let n(a) be the second derivative of a**5/20 - a**4/3 + a**3/3 + a**2 + 27*a + 2. Let f = 3 + -2. Suppose g + f = 3. Determine n(g).
-2
Let d(n) be the first derivative of n**2/2 - n + 3. Suppose 4*l - a = -6 + 31, -3*a = 5*l - 27. Calculate d(l).
5
Suppose 0 = 4*p - 15*p - 33. Let x(h) = h - 3. Calculate x(p).
-6
Let l(u) = -u - 4. Suppose o + 7 = 4*n, -5*n - 5*o + 11 = -4*o. Suppose -2*k - 28 = -n*j - 3*j, -k = 4*j - 12. What is l(k)?
0
Let w(c) be the first derivative of c**3/3 + 5*c**2/2 - 2*c - 7. Give w(-8).
22
Let r(x) = -3*x**2 + 32*x - 22. Let l(f) = f**2 - 11*f + 8. Let q(p) = 8*l(p) + 3*r(p). Calculate q(7).
5
Let a(z) = 9*z + 10. Let i(b) = -4*b - 5. Let y(v) = 6*a(v) + 13*i(v). Suppose p = 6*p. Suppose p*w + 20 = 5*w. What is y(w)?
3
Let p(z) be the first derivative of z**4/4 - 5*z**3/3 + 3*z**2/2 + 2*z - 24. Determine p(4).
-2
Let j(k) = 5*k - 18. Let m(b) = -b + 2. Let c(a) = j(a) + 6*m(a). What is c(-8)?
2
Let r(b) = -2 - 1 + 5 - b. Suppose 3*w - 5*k - 5 = 7*w, -w + 2*k + 15 = 0. Let z = w + -1. Give r(z).
-2
Suppose 5*t - 2*f - 7 = 0, -3*t + 7 = -t - 5*f. Let u(d) = 5*d. Calculate u(t).
5
Let i(z) = z**3 + 3*z**2 - 3*z + 1. Let x = 98 + -101. Calculate i(x).
10
Let c(u) = -u**2 + 5*u - 3. Let v(m) = m**3 + 6*m**2 - 16*m + 4. Let i be v(-8). Calculate c(i).
1
Let i(v) = 2*v**2 - v**3 + 4 - 3*v**2 - 6*v - 6*v**2. What is i(-6)?
4
Let b(j) be the third derivative of -5*j**4/12 - 5*j**2. What is b(-1)?
10
Let m(b) be the second derivative of -b**3/6 + b**2 + 2*b. Suppose 4*i = -3*o + 64 - 16, -i + 27 = 2*o. Let v be (5/(-3))/((-4)/o). Give m(v).
-3
Let x(m) = -1 + 5*m + 0*m**2 + 5*m**2 - 4*m. Let v(s) = 2*s + 2. Let f(c) = c + 2. Let b(n) = -3*f(n) + 2*v(n). Let k be b(3). Calculate x(k).
5
Let v(y) be the third derivative of -y**4/24 + y**3/6 + 2*y**2. What is v(5)?
-4
Let v(x) = x**2 - 6*x + 2. Let t(y) = 2*y**2 - 12*y + 4. Let r(i) = -3*t(i) + 5*v(i). Determine r(4).
6
Let n(k) = -k**2. Let t(j) = -j**3 - 3*j**2 - j + 4. Let f(y) = -5*n(y) + t(y). Suppose -x = 2*x - 27. Let p = -6 + x. What is f(p)?
-8
Let u(p) = -4*p - 5. Let o(g) = -3*g - 4. Let c(i) = 5*o(i) - 4*u(i). What is c(-6)?
-6
Let d(j) = j**2 - 8*j. Let q(u) = 4*u**2 - 25*u. Let a(f) = 7*d(f) - 2*q(f). Suppose z - 6*z = 25. Calculate a(z).
5
Let x(k) = 2*k - 4. Let a be x(4). Let n(u) = 2*u - 5. Give n(a).
3
Let f(x) = x**2 - x - 6. Let t be f(4). Let y(g) = -g**2 + 6*g + 1. Determine y(t).
1
Let p(n) be the first derivative of -n**4/4 - 4*n**3/3 + 2*n**2 - 3*n + 24. Give p(-5).
2
Let j = -14 + 85/6. Let g(h) be the second derivative of h**2 - j*h**3 + 0 + 2*h. Give g(4).
-2
Let r(k) = k**2 - 4*k - 7. Let j be (10/(-6))/((-3)/9)*-3. Suppose -4*h = -0*h + 36. Let x = h - j. What is r(x)?
5
Let f = -6 + -5. Let r = -11 - f. Let h(v) = -v + 5. Give h(r).
5
Let t(l) = -3*l + 1. Let d(c) = -c**3 + 4*c**2 + 5*c + 5. Let g be d(5). Determine t(g).
-14
Let v = -11 + 10. Let t(g) = g**3 - 6*g**3 - 2 + 1. Determine t(v).
4
Let t(s) = -s**2 + 2*s - 3. Let c be t(2). Let f(m) = 2*m**3 + 3*m**2 - 4*m - 1. What is f(c)?
-16
Let w(p) be the first derivative of p**2/2 + 7*p - 23. Calculate w(-6).
1
Suppose -3*j + l = -5, 0*j + 2*j + 2*l = 14. Let g(y) be the second derivative of -1/12*y**4 - y - 2*y**2 + 1/3*y**j + 0. Determine g(3).
-7
Let w(b) be the third derivative of 1/6*b**3 + 1/60*b**5 + 1/4*b**4 + 0*b + 9*b**2 + 0. Calculate w(-6).
1
Let o(i) be the third derivative of i**5/60 - 7*i**4/24 + i**3 + 8*i**2. Determine o(6).
0
Suppose 0 = -5*c - 4 - 1. Let y(a) = 8*a**2 + 2*a + 1. Determine y(c).
7
Let i(c) = -3*c**2 + 11*c + 6. Let p(x) = -4*x**2 + 12*x + 5. Let f(k) = 3*i(k) - 2*p(k). Calculate f(10).
-2
Let d(f) = f**2 + 3*f - 2. Suppose 2*x - 2 = -12. Calculate d(x).
8
Let c(z) = z**3 + z**2 + z - 5. Let x be c(0). Let n(v) = -v**2 - 9*v - 5. Let w be n(-8). Let p(m) = -5*m**3 + 4*m**w - 3*m + 1 - 3*m - 6*m**2. Determine p(x).
6
Let r(j) = -j**2 + 18*j + 3*j**2 - 6*j + 2 - 11*j. Give r(-2).
8
Let j(r) = r**3 + r**2 - r - 5. Suppose 6*q - 3*q = 0. Calculate j(q).
-5
Let p(z) = -5*z - 5. Let o(d) = 4*d + 4. Let b(x) = 4*o(x) + 3*p(x). Suppose -3*t = 3*m + 9 + 3, 3*m - 44 = 5*t. Calculate b(t).
-6
Let f(w) be the first derivative of -w**4/4 - 5*w**3/3 - w**2 - w - 8. Suppose -c - 4*n = -0*c, -1 = -c - 5*n. Give f(c).
-9
Let s(g) = -2*g. Suppose 4*t = 6*t + y - 12, 0 = -5*t + y + 16. What is s(t)?
-8
Let n = 0 - -3. Suppose -5 - 3 = -4*k. Let v(x) = -k*x - 2*x - 1 + 0*x + 3*x. Determine v(n).
-4
Let w(k) = 2*k**2 + k + k**3 - k - 5*k + 3 + 9*k. Determine w(-2).
-5
Suppose -4*a + a - 3*x = 12, a - x = -8. Let r(j) = j + 6. What is r(a)?
0
Let p = 4 + -4. Suppose p = -2*y - 3 - 5. Let b(a) be the second derivative of a**3/3 + 2*a**2 + 2*a. Give b(y).
-4
Let y be (-4)/(-4) - (-18)/2. Let o = y + -7. Let f(i) = i**2 + i + 1. Let m(w) = -3*w**2 - 7*w. Let q(l) = 4*f(l) + m(l). Calculate q(o).
4
Let t(o) = 4*o**2 + 4*o - 4. Let f be t(-3). Let i be (-9)/2*f/15. Let g(w) = -w - 7. Determine g(i).
-1
Suppose -5*i = -2*m - 21, -i + 0 = -4*m + 3. Let g(k) = 4*k - 1 - m*k + 2*k + 0*k + k**2. Calculate g(-3).
-4
Let y(b) be the second derivative of -b**5/20 - b**4/6 + b**3/2 + b. Let j(w) = -w**3 - 4*w**2 - 5*w - 4. Let i be j(-3). What is y(i)?
-10
Let v(c) = c + 5. Let a(q) = q**3 + 10*q**2 + q + 7. Let s = -8 + 3. Let g = s - 5. Let h be a(g). What is v(h)?
2
Let n(v) = -7*v**3 - 4*v**2 + 8*v - 6. Let c be 2/(0 + (-2)/(-5)). Let x(f) = -6*f**3 - 3*f**2 + 7*f - 5. Let m(o) = c*n(o) - 6*x(o). What is m(3)?
3
Let b(m) = -m - 5 - m + m. Let z be (-6 - 1) + (-3 - (1 - 4)). What is b(z)?
2
Let l be 2/3 + (-26)/(-6). Suppose u + 0*b - b = 5, 3*u - 21 = l*b. Let t(y) = y**3 - 2*y**2 + 2*y. Give t(u).
4
Let j(p) = -16*p + 4. Let o be j(-2). Suppose -7*i + 2*i + o = -3*n, -2*i = -n - 14. Let q(h) = -h**3 + 7*h**2 - 5*h - 6. Give q(i).
0
Let p = -31 + 37. Let a(j) = j**2 - 2*j - 3. Calculate a(p).
21
Let q(s) = 2*s**2 - 3*s + 1. Let r(j) = j + 3. Suppose 4*k - 12 = -0*k. Let t be r(k). Let f = -4 + t. Determine q(f).
3
Let w(g) = g**2 - 2*g + 3. Let z(t) = t**2 + t + 1. Let i(h) = w(h) - 2*z(h). What is i(-3)?
4
Let w(u) = 2*u - 3. Let p = -3 - -6. Suppose -2*q = -p*q + 4*b - 8, 0 = 3*q - 4*b. Suppose -q*c = c - 20. What is w(c)?
5
Let g(b) = b**3 - 3*b. Let q(z) = z**2 - 2*z - 7. Let m be q(4). Let v(f) = 5 - 1 - 3. Let a(w) = m*g(w) + 3*v(w). Calculate a(2).
5
Let i(o) be the second derivative of o**5/20 - o**4/2 + o**3/6 - 5*o**2/2 + 5*o. Give i(6).
1
Let n(p) = -2*p**3 - 3*p**2 - p - 1. Let s(b) = -b**3 - b - 1. Let r(d) = -n(d) + 3*s(d). Give r(2).
-2
Let v(t) = 3*t - 2. Let r(i) = -9*i + 7. Let x(q) = -4*r(q) - 14*v(q). Let f(d) = d + 4. Let w be f(-2). Let u = -1 + w. Calculate x(u